s 5 - (0 - -3) - -3?
5
What is -10 + 7 + -1 + 0?
-4
What is -1 + (-12 + -1 - -10)?
-4
Calculate -5 - 10 - -6 - -5.
-4
What is the value of -2 - 2 - (-2 + -3 - -1)?
0
12 + -7 - (-1 - (-2 + 1))
5
What is the value of -1 + 1 + 2 + (-144 - -148)?
6
Evaluate (1 + -2 - 3) + 3.
-1
What is -9 + -7 - -9 - -6?
-1
46 + -49 - (-6 + -1)
4
-2 - (-3 - (-11 - -5))
-5
-3 + 3 + 2 + 3 - 1
4
What is 160 + -153 - (-1 + 3 + 15)?
-10
Evaluate 13 - (-3 + 11) - 4.
1
What is 2 + (2 - (4 - 5))?
5
Calculate 1 + -3 + (-4 - -7).
1
Calculate 4 + (8 - 13) + 8.
7
What is -3 + 3 + -1 - (-11 + 6)?
4
Calculate 2 + (5 - 0 - 4 - 3).
0
Evaluate -5 + 7 + 2 - 5.
-1
What is the value of 0 + 3 + 4 + -3?
4
What is -2 + 2 - (1 - 6)?
5
Evaluate (-22 + 6 - -5) + 17.
6
What is -9 + 10 - 6 - (1 + -5)?
-1
Calculate 15 + -8 + (2 - 3 - 2).
4
What is -8 + 5 + -1 - 2 - -4?
-2
What is 10 + (-6 - -6) + -4?
6
0 - 10 - (-8 - -2)
-4
Calculate 3 + -4 + 0 + -1 + -2.
-4
-2 + 12 - (4 + 2 - 1)
5
Evaluate (-8 - 1) + (12 - 1) + -8.
-6
(-2 - -7 - 4) + 1 + 2
4
3 + (-7 - (-6 + -6 + 8))
0
-1 + (-2 - (5 - 4))
-4
1 + -2 - 1 - (-3 - 2)
3
What is (4 - (-3 - -17)) + 7?
-3
What is -47 + 51 - ((0 - 1) + 6)?
-1
-6 + 0 + 0 - -4 - 0
-2
Calculate -7 - -4 - (1 + 0 - 1).
-3
Evaluate -11 + 30 + -23 + (-2 - 2).
-8
Calculate 5 + (-4 - 0) - 3 - -3.
1
0 - -10 - (21 + -41 + 22)
8
Evaluate 0 + -1 + (6 - 1).
4
What is (-115 - -121) + (1 - 1 - 2)?
4
Calculate -9 - (-2 + -15 + 3).
5
-21 + 12 + 5 + 6
2
What is 13 - (7 - -5) - 8?
-7
-148 + 154 + (0 - 12)
-6
Evaluate (5 - -1) + -5 - 4.
-3
0 - 2 - (4 - (-1 - -11))
4
Evaluate -14 + (8 + 4 - 4).
-6
5 + (10 + -7 - (2 + 4))
2
What is the value of 7 - -6 - 6 - (5 + 1)?
1
What is -1 + 5 + -2 + (-14 - -13)?
1
13 + -17 - (-1 - -1)
-4
What is (-4 - -11) + (-2 - 2)?
3
Evaluate 6 + 1 - (0 + (2 - -1)).
4
What is 0 - (0 - (1 - -1))?
2
What is the value of (-5 + 6 - 2) + (-5 - -1)?
-5
Evaluate (1 - -6) + -13 + 13 + -4.
3
Evaluate 2 - 4 - (1 - (11 + -5)).
3
Evaluate (3 - 6) + (-4 - (-2 - 6)).
1
What is the value of -3 - -1 - (-3 - -6)?
-5
Evaluate 0 + 3 + -23 + 12.
-8
Calculate 10 - ((-89 - -97) + (0 - 4)).
6
Evaluate -4 - (0 + -2 + 1) - -5.
2
What is the value of -1 - -14 - (16 + 7 + -17)?
7
What is the value of -5 - -1 - (5 + -14)?
5
Evaluate 2 + (3 - ((-3 - -4) + 3)).
1
What is the value of -3 + 10 + -1 + -5?
1
Calculate (-15 - -12) + 2 + 2 - 3.
-2
What is the value of -7 + -2 + 13 - (0 - -4)?
0
What is -8 - -4 - (-3 - (-5 + 3))?
-3
Calculate 7 - (-7 + (12 - 6)).
8
What is (-1 - (3 + -3)) + (-1 - 0)?
-2
Calculate -6 + -3 + (8 - 1).
-2
Evaluate (6 - 1) + (20 - 33) - 1.
-9
What is (31 - 29) + (-4 + 7 - 0)?
5
What is -1 + 3 + -6 + 1?
-3
Evaluate -4 + ((1 - 3) + 2 - -3).
-1
What is the value of 171 - 172 - (-1 - (2 + 0))?
2
-12 - (3 + -9) - -5
-1
Evaluate 0 - -3 - (7 + (-8 - -4)).
0
Evaluate 5 - ((-10 - -11) + -4).
8
Evaluate 6 + (-1 - 6 - 0).
-1
Calculate 8 + (14 + -7 - 6) - 6.
3
Calculate (8 - (0 + 17)) + (1 - -1).
-7
What is the value of 7 + -10 - (2 + -1)?
-4
Evaluate 11 - (19 + -9) - -8.
9
-9 + 5 + 0 - (2 + -5)
-1
What is the value of (1 - 0) + -7 + 11?
5
What is the value of 0 + (-1 - (2 + 0))?
-3
(2 + -3 - (1 + 1)) + 1
-2
What is 1 + 2 + -17 - -8?
-6
What is -9 - (-4 - 1) - (-3 - 1)?
0
What is the value of 8 + -6 + 2 + 0 + -1?
3
What is the value of (-5 + 1 - -9) + -4 - 3?
-2
0 + 8 + -2 + (16 - 19)
3
What is -17 + 0 + 9 - -7?
-1
What is the value of (1 - 5) + (0 + 6 - 4)?
-2
1 + (5 - (6 - 3))
3
What is -3 + 3 + 2 + 1 + -2?
1
What is the value of (-4 + 1 - -2 - 0) + 4?
3
Calculate (-5 + 4 - 1) + 5.
3
What is (23 - (20 + -10)) + -8?
5
Evaluate (-1 - (5 + -9 + 1)) + -4.
-2
1 - -2 - (-2 - -8)
-3
(-9 - -7) + 1 + 5
4
(-11 - (2 + -6) - -5) + 2
0
Evaluate 26 + -18 - (-2 - -13).
-3
What is the value of 13 + -11 + (12 - 6)?
8
2 - -1 - (0 + 1 + 0)
2
What is the value of -3 - -8 - (-1 - -5)?
1
What is 2 + -2 + 0 + 2 + 2?
4
(-6 + 1 - -4) + -1
-2
Calculate -4 + (-5 - -6 - -2) - -3.
2
-18 + 3 + -1 + 8
-8
Evaluate (4 - 5) + 5 - (1 + -3).
6
8 + -2 + -12 + 0 - -6
0
What is the value of 46 - 48 - (-6 + 1)?
3
Evaluate 1 + -2 - (-13 - -17).
-5
Calculate -14 + 6 + -1 - -4.
-5
What is -3 + -11 + -4 - -14?
-4
3 - (-3 + 6) - 2
-2
What is 2 + (2 - 8) - (-16 - -13)?
-1
What is the value of (2 - 3 - -2) + (-9 - -12)?
4
What is the value of -4 + (-2 - (-1 + -2 + 2))?
-5
9 - -5 - 3 - 7
4
What is 0 + -4 - (-3 + -8 + 2)?
5
Calculate 5 + -2 + 9 + -16 + 12.
8
Calculate -1 - (8 + -6 + -3).
0
Calculate 1 + (11 + -8 - (-1 + 2)).
3
What is the value of (1 + 3 - -2 - 0) + -5?
1
What is (7 - 4) + -1 + -2 + 0?
0
What is 2 + -11 + 3 + 1?
-5
1 + (2 - 1) + -4
-2
What is -2 + (-3 - 0) + (54 - 49)?
0
Evaluate (2 - -2) + -5 + 4.
3
What is the value of 10 + -2 - (29 + -24)?
3
Calculate -3 - (0 - 1 - 0).
-2
Evaluate (-3 - -3) + 5 - 9.
-4
Calculate 12 + -3 + 2 + -5.
6
3 - 2 - (-9 + (6 - 1))
5
What is the value of (3 - 1) + (11 - 14 - -4)?
3
Evaluate (-12 - -3 - -5) + 3.
-1
Calculate -111 + 114 - (0 + 3).
0
What is the value of (-1 - -4) + 79 + -83?
-1
Calculate -3 + (-8 - (8 + -5 + -5)).
-9
What is the value of (-1 - -2) + (0 - (-7 + 12))?
-4
What is the value of -9 + 4 - (-2 + -7)?
4
What is 0 - (3 - -3 - 2 - 3)?
-1
Evaluate -2 - (3 + -1) - (-5 + 5).
-4
Calculate -14 + 4 + 1 - -3 - -4.
-2
(7 - 0) + 2 + 2 + -2
9
1 - (-1 - (-6 + 5))
1
Calculate -5 - (0 + (-4 - 0) - 0).
-1
Calculate -13 + -4 + 2 + 5 + 5.
-5
Calculate (-3 - -7) + -5 - -4.
3
Calculate -6 + -6 + 13 - (-6 + 1).
6
What is the value of (-7 - 2) + -29 + 38?
0
What is the value of 5 - (-10 + 5 + 15)?
-5
Calculate 12 - 7 - (5 - 3).
3
What is 2 + (-18 - (-14 - -4))?
-6
What is the value of -21 + 23 + (0 - 1)?
1
What is the value of (7 + -5 - 5) + (2 - 2)?
-3
Evaluate 17 + (-1 - (-10 + 17)).
9
Calculate 15 + (-15 - -8) + 0.
8
2 + 2 + -2 + -2
0
Calculate -5 + -1 + 1 - (11 - 12).
-4
Evaluate -6 + (14 - 7) - 1 - -3.
3
Evaluate (-6 - (1 + 1)) + 7.
-1
-2 + (17 - (-11 - -21))
5
What is the value of (2 - 10) + 6 + (5 - -1)?
4
What is -5 - (-7 - 0 - -5)?
-3
Calculate 1 - (4 + (4 - (-1 - -12))).
4
Evaluate 1 - (3 - 5 - -6).
-3
What is the value of 3 - (-1 + (4 - 3))?
3
3 + (6 - -1) + -10
0
Evaluate 25 - 24 - (7 - 1).
-5
Evaluate 8 + -1 + (8 - 3 - 10).
2
What is the value of (-8 - -1) + -1 + 23 + -10?
5
Calculate -3 - -3 - (-8 + 15).
-7
5 + (0 + 2 - 7)
0
Evaluate -1 + -1 + (2 - 2).
-2
(0 - -4) + (-3 - 4)
-3
Calculate -58 + 51 + 4 + 1.
-2
8 + -8 + -3 + 0 + 7
4
What is (-13 - (-8 + 7)) + 7?
-5
Evaluate (-2 - (3 - 5)) + -1 - 3.
-4
9 + -5 - (-5 - -11)
-2
What is the value of (12 - 9) + -4 + -4 + 0?
-5
Calculate (1 - -6 - 4) + -5.
-2
(-2 - 5 - (-7 - -2)) + 0
-2
What is the value of 0 - 1 - (-252 + 255)?
-4
What is 1 + (-3 - -1) + (-3 - 0)?
-4
Calculate -6 + -3 + 7 + -8.
-10
What is the value of -8 + (-1 - -1) + -7 + 10?
-5
-5 + (-16 + 29 - (2 - -1))
5
What is the value of 5 - (-9 + 10 + 3)?
1
-4 + 6 + 0 + 2
4
Calculate 5 + -1 + -1 - 1.
2
What is 13 + -11 + 0 - 3?
-1
What is the value of 5 - ((2 - 4) + 1) - 3?
3
What is -2 + -3 + 2 + (9 - -2)?
8
7 + 0 + 2 + 24 + -31
2
Evaluate 0 + -1 + (0 - 0) + 2.
1
-9 + (7 + -4 - -4)
-2
Evaluate 4 + 3 + (1 - 4) + -7.
-3
Calculate 10 + 1 - (18 - (-6 - -19)).
6
What is (-9 - -4) + (10 - 6)?
-1
What is 0 - 5 - (-10 - (6 - 5))?
6
Calculate -7 - -10 - (0 - 1).
4
-6 + (7 - (-3 - -9))
-5
(1 - -5) + -5 + -1 + 1
1
What is the value of -8 - (-7 - -6 - (0 - 0))?
-7
Calculate (8 - -1 - -1) + (-1 - 3).
6
What is 26 - 9 - 7 - (5 + -1)?
6
-3 - (-8 - -4 - 2)
3
(-2 + 10 - 4) + -1
3
What is the value of (0 + -9 - -17) + (1 - 6)?
3
Calculate -13 + 21 - 6 - (-7 + 0).
9
Evaluate 13 - 8 - 9 - -13.
9
Calculate 0 + (6 - (8 - 4)).
2
What is 24 + -19 - (6 - -2)?
-3
What is (1 - -2 - -5) + -10?
-2
3 - (-2 + -3 - -3)
5
5 - (-3 - (5 - (-5 + 14)))
4
Evaluate (10 - 2) + (7 + -3 - 7).
5
Evaluate 4 - (0 + 9 + -9).
4
Evaluate 2 + -2 + -2 + 4.
2
What is the value of 0 + (-5 - -7 - 8)?
-6
Evaluate -24 + 28 + 0 + -5.
-1
Calculate 6 - (6 + 4) - (-3 + 5).
-6
What is the value of (-1 - 1) + (-8 - -4)?
-6
3 + -8 + 1 - 1
-5
Calculate (8 - 0) + -1 + -4 + 1.
4
What is 2 - (0 + 1) - (-2 - -2)?
1
Calculate -68 - -55 - (-17 + -3).
7
What is the value of (-1 - -1 - 1) + -3 + -1?
-5
Calculate (7 - -1) + -21 + 13.
0
0 + (-12 - -17) + (-10 - -2)
-3
1 - (1 - (-4 + 8 + -1))
3
What is (0 - -5) + (4 - -3 - 18)?
-6
What is